3. Suppose h = o - 947. Is o composite?
False
Let z(t) = 101*t + 123. Let x = 261 - 245. Is z(x) composite?
True
Suppose 62*w = 22*w + 1720. Suppose -2*o + 7*o + 3*k - 328 = 0, 3*o - 188 = -4*k. Let i = o - w. Is i a composite number?
True
Suppose -12 = -5*p - 3*m + 13, 0 = 4*p + m - 20. Suppose 27 + 4 = p*v - 4*c, -4*c - 13 = v. Suppose 5*q = 5*w - 3140, w - v*q - 1253 = -w. Is w composite?
False
Let n = -410 + 417. Suppose n*d - 365166 = -11*d. Is d prime?
True
Suppose -123*h + 41*h - 6711041 = -22547947. Is h prime?
True
Suppose 0 = -35*f + 38*f - s - 3770179, -3*s = -24. Is f a composite number?
False
Is 8*(14 + 10935/(-780)) + 1440493/13 prime?
True
Suppose -7*l - 8*l + 23 = -52. Let k be (1/2)/((-1)/(-3794)). Suppose 0 = 2*b + 2*a - 754, l*b + 0*b + 2*a = k. Is b composite?
True
Let d(x) = 2*x**2 + 6*x + 27. Let a be d(0). Suppose -14*l = -a*l + 127543. Is l prime?
True
Let o(c) = 5252*c - 355. Is o(3) a composite number?
False
Suppose 0 = -2*r + 245 - 255. Let c(p) = 0*p**2 + 0*p - 3*p**2 - 6 - p + 5*p**2. Is c(r) a prime number?
False
Let a = -102 - -107. Let j(z) = -4*z + 22. Let o be j(a). Suppose -o*l - 12108 = -14*l. Is l prime?
True
Suppose -2*c - 75 - 63 = -4*q, -3*q = 0. Is c/(-2)*12840/180 a prime number?
False
Suppose -14791 + 84058 = -11*n. Is (-4)/(-16) + (n/(-12) - 4) a prime number?
True
Let g(l) = 3*l - 10. Let b be g(4). Suppose b*a = -d + 26 - 0, 4*a = -3*d + 52. Suppose a*n = -12051 + 48178. Is n a composite number?
True
Let f = -3745 - -6792. Is f prime?
False
Suppose 0 = -105*l + 99*l + 83772. Let d = l - 9845. Is d a composite number?
True
Let s = 39 + -39. Let l(h) = h**3 - 17. Let d be l(s). Let w(t) = t**3 + 18*t**2 - 13*t + 7. Is w(d) a prime number?
False
Let m be (0 + -2)*10/(-2). Suppose 38126 + 1614 = m*a. Is 1/(4/a*(-2)/(-4)) a composite number?
False
Suppose -8*b = -3*b, -j - 2*b = -32347. Is j a prime number?
False
Suppose -6*d = 5*d. Suppose -15*s + 11*s - 4 = d. Is 158301/90 - s/10 a composite number?
False
Is (-6 - 7747)*(6/12)/(4/(-56)) a composite number?
True
Let m(c) = c**2 - 18*c - 28. Let d be m(14). Let f = d - -89. Suppose -f*j - 5 + 16300 = 0. Is j a composite number?
False
Let w be (15/10)/((-12)/(-64)). Let l be w/14 + 12/42*-2. Suppose l*h + y = -2*h + 94, h - 5*y = 36. Is h a composite number?
True
Suppose -3*l - l = -8. Let x be -4 + -1*275 - l. Let p = 116 - x. Is p composite?
False
Suppose -4*w + 4*c = -1404, 0*c + 702 = 2*w + 4*c. Suppose 0*u = -4*u + 3736. Let k = u + w. Is k prime?
False
Suppose -3*f - 8 = -w, 0 = 3*f - 4*w - 4. Is ((-2)/f)/((-49)/(-276262)) a composite number?
False
Let n = 18585 - -69508. Is n a prime number?
True
Let u(j) = -j + 2. Let p be u(2). Suppose p = -n + 1, 3*x = 4*n - 7. Is (-1)/x*97*1 prime?
True
Let c(w) = 21*w - 21. Let f be c(1). Let y(m) = -2*m**2 + 4*m + 5737. Is y(f) a prime number?
True
Let r = -18 - -19. Suppose p - 8 = r. Let i(d) = -d**3 + 9*d**2 + 5*d + 10. Is i(p) composite?
True
Suppose 3*h = -4*c + 106, 2*h = -2*h + 2*c + 156. Let a be 2/9 + h/(-9) + 4. Suppose a = 38*q - 35*q - 1629. Is q a prime number?
False
Suppose 5 = -3*l - 4*b, 65*l = 64*l + b + 10. Suppose 3*g - l*f = 64941, 4*f + 43294 = 2*g + 3*f. Is g prime?
True
Let k(t) = 8 + t + 2 - 13 + 5. Let m be k(3). Suppose m*w - 138 = 3*w. Is w a prime number?
False
Is ((-20422)/4)/(560/(-41440)) prime?
False
Suppose 109 - 64 = p. Suppose 10866 = -39*f + p*f. Is f a composite number?
False
Let t be (5*1/2)/(20/1000). Let k = 199 - t. Suppose -f - k = -2*s, -4*s + 4*f + 27 = -129. Is s composite?
True
Let q(s) = 6*s**2 + 147*s + 190. Is q(39) a composite number?
True
Suppose w - 3164877 = -2*y - 585917, 1289501 = y + 4*w. Is y prime?
False
Let i = 12813 + -23740. Let g = 21504 + i. Is g composite?
True
Let m = 210009 - 94046. Is m a prime number?
True
Let d(w) = w**2 + 3*w + 23. Suppose -5*j - 29 = -3*l, -3*j - 7 = -l + 4. Is d(l) a composite number?
True
Suppose -3*p - 13 + 22 = 0. Suppose p*n - 2891 = -1022. Is n composite?
True
Let i(v) = 6 + 7 - 3*v**2 + 5*v**3 + 7 - 14 + 15*v. Let u(r) = -4*r**3 + 4*r**2 - 15*r - 7. Let y(s) = -5*i(s) - 6*u(s). Is y(-11) a prime number?
True
Suppose 1145 + 1300 = 3*r. Let f = 1716 - r. Is f a composite number?
True
Suppose 9*j = 52*j + 58*j - 3359765. Is j a prime number?
False
Let l = -230028 - -504191. Is l a prime number?
True
Suppose 8*q - 335 - 25 = 0. Let w be 210/q + (-1)/(6/4). Suppose -w*g - 2*a = -868, 5*a - 358 - 498 = -4*g. Is g a composite number?
True
Suppose -921*t + 908*t + 564811 = 0. Is t prime?
False
Let w(b) = 8*b**2 - 2*b + 9595. Let v be w(0). Let u = -6444 + v. Is u prime?
False
Let x(h) = -99*h**3 - 5*h**2 - 3*h - 2. Let r be x(-3). Suppose -6*c + 30 = 9*c. Suppose 0 = c*d, -5*o - r = -5*d - 7170. Is o prime?
True
Let f be 2/11*(11 - -11). Suppose -c - 5*d = -2656, -f*d = -9*d - 25. Is c a prime number?
False
Let n = -34666 - -102225. Is n a prime number?
True
Suppose 397*m = -18315416 + 312028323. Is m prime?
False
Let v = 217 - 212. Let x(b) = 737*b - 188. Is x(v) composite?
True
Let x(h) = -61799*h + 891. Is x(-2) a composite number?
False
Let t = -279 + 600. Let l(g) = g**3 - 5*g**2 + 5*g - 1. Let f be l(4). Suppose y - f*k - 164 - t = 0, -481 = -y + k. Is y a prime number?
True
Let p = 325 - 320. Let h(i) = 172*i**3 - i**2 - 10*i + 44. Is h(p) composite?
True
Suppose 5*w = 2*u - 7*u + 240, -u + 192 = 4*w. Let o(f) = 57*f + 263. Is o(w) a prime number?
True
Let f(d) = -8*d + 128. Let a be f(16). Suppose 2*g + 123 = p, -p + 18*g - 13*g + 123 = a. Is p a composite number?
True
Suppose -17*w = -43*w - 26. Is w*(-2 - -3) - -842 composite?
True
Let t(w) = 25*w**2 - 5*w - 17. Let o be ((-10)/(-4) + -1)/(30/(-1640)). Let a = -77 - o. Is t(a) a composite number?
True
Let d be 49705 + ((-17)/5 - (-21)/(-35)). Suppose -d = -2*p - 991. Is p prime?
False
Let l(d) = -d + 11. Let t be l(11). Suppose t = 4*a - 9*a + 25. Suppose -421 = -o - a*q + 3*q, 0 = 3*o - q - 1256. Is o composite?
False
Let n = 12720 + 21367. Is n a prime number?
False
Is (37 + -52448)*((2 - 1)/(-1))/1 a composite number?
True
Let c = -111 + 113. Suppose 0 = -5*i - s + 34520, -c*s - 2*s = -i + 6925. Is i composite?
True
Let n be (341/(-5) + 1)*(-37 + 247). Is (-4)/(-10) + n/(-20) a prime number?
False
Let f be ((-1494)/(-24))/((-1)/1100). Is 5*4/30 - f/9 composite?
True
Suppose 4*z + 3*y = 7*y + 280, -2*y = z - 73. Suppose -z*x = -66*x - 19945. Is x prime?
True
Let c = 36 - 36. Suppose -9209 = -3*b + u, u + c = 1. Suppose 10*p = 12*p - b. Is p prime?
False
Suppose 4*w - 3*m = 2*m + 233016, 3*w + m = 174743. Is w a prime number?
False
Let j(l) = 7732*l + 87. Is j(2) composite?
False
Let k be 2*-2 + -210 + -12 + 6. Let h = 2179 + k. Is h composite?
True
Let q(r) = -4*r + 17587. Let l be q(0). Suppose -l = -5*h + 9768. Is h composite?
False
Suppose -15*d + 39012 = -3*d. Suppose 3*g = -3*x + 4872, -2*g = 7*x - 2*x - d. Suppose 3*y - g = 1704. Is y composite?
False
Let h be (-8)/(-60) + 96/(-45). Is (8454/(-12))/(1/h) prime?
True
Suppose 3*y = 3*z + 30, 5*y - 30 = 5*z - 4*z. Suppose y*d = -3*n + 5391, -5*d + 5 = -10. Suppose 0 = 4*k - 8264 + n. Is k a prime number?
False
Let z = -18627 - -76124. Is z a composite number?
True
Suppose -22*s = -1472564 + 136966. Is s a composite number?
True
Suppose -8*s = 49976 + 6440. Let c = s + 15109. Is c a prime number?
False
Suppose 17*h = 20*h + 127310 - 762695. Is h a composite number?
True
Suppose -22*h = -13*h - 18. Is 10256/h + -1 - -2 a prime number?
False
Let v be 1 - (-972*2)/(-3). Let x = v - -1529. Let s = x + -253. Is s composite?
True
Suppose -i - 3*i = 24. Let m be (-8 - i)/((-3)/12). Is (2/m)/((-11)/(-16412)) composite?
False
Suppose 6*y - 104 = -20*y. Suppose 30046 = 3*v + 5*z, -3*v + y*z - 10027 = -4*v. Is v a composite number?
False
Let l = 93650 + -38407. Is l composite?
False
Is (101 - -33)*2062/4 a composite number?
True
Suppose l = -4*w + 701966, -5*w - 3*l + 750063 = -127384. Is w prime?
True
Let y = 3555337 - 1680234. Is y composite?
False
Is -1*((-20015)/21 - 6/(-63)) composite?
False
Suppose 0 = -15*u + 10*u - 3*b + 13, 4*u - 2*b - 28 = 0. Suppose u*n - 30945 = 5*k, 9*n - 4*n - 2*k = 30957. Is n prime?
False
Suppose 9*c - 108110 - 377629 = 0. Is c a prime number?
False
Let v(c) = c**3 - 12*c**2 + 11*c 